 is the units digit of h?
2
Suppose -20 = 2*s + 2*s, h + 2*s = -12. Let j = h + 3. What is the units digit of j?
1
Suppose 3*z + 5*w - 168 = 0, 0*w - w = 3*z - 168. What is the tens digit of z?
5
Suppose 25 = v + 5*y, -26 = -2*v - 5*y + 4. What is the units digit of v?
5
Suppose -t + 134 = 3*t - 5*k, k = -2*t + 74. What is the units digit of t?
6
Let b = -83 - -46. What is the tens digit of (b - (-3 + 3))/(-1)?
3
Let d = -12 - -19. Suppose 4*n - d = -3*g + 2, -2*n + 3 = 3*g. What is the units digit of n?
3
Suppose 0 = 2*j + q - 62 + 21, -5*j + 3*q + 97 = 0. Suppose -2*r + 25 = -5*v - 12, -r + j = -3*v. Suppose t = 2*t - r. What is the units digit of t?
1
Suppose -5*m + 143 = 5*w + 28, -2*m + 43 = -w. What is the units digit of m?
2
Let u(w) = w**2 + 4*w - 1. Let l = 2 + 0. Suppose -l*q - 12 = -0. What is the tens digit of u(q)?
1
Suppose 0 = 3*h - 3 - 0. What is the units digit of h?
1
Let o be 1/2 - (-21)/14. What is the units digit of 24/o + -2 + -1?
9
Let k be (-2 + 2)/(0 + -1). Let r = k + -2. What is the units digit of (-2)/(-2) - r*2?
5
Let i(j) = j**2 + j - 1. Let k be i(1). Suppose 0 = 4*y + k - 13. Suppose -12 - 3 = -y*h. What is the units digit of h?
5
Let j(s) = s**3 + 6*s**2 + 5*s + 1. Let h be j(-5). What is the units digit of (3 + -2)*h - -6?
7
What is the units digit of 3/2 + (-327)/(-2)?
5
Suppose 5*g - 35 = -0*g. Suppose 2*c = 7*c - 30. What is the units digit of g/(-3)*c/(-2)?
7
Suppose -4*v + 5*v = -5*x + 123, -v = -4*x - 105. What is the hundreds digit of v?
1
Let r be (-6)/21 + (-16)/(-7). Suppose r*h + 6 = 28. What is the tens digit of h?
1
Suppose 0*s = 3*s - 93. Let y = 44 - s. What is the tens digit of y?
1
Suppose 3*z + 6 = n, -z + 1 + 5 = -3*n. Let i = 14 - z. What is the units digit of i?
7
Let o(t) = 2*t**2 - 12*t + 8. What is the units digit of o(6)?
8
Let r(x) = -x**2 - 10*x + 6. What is the tens digit of r(-9)?
1
Let w(t) = 2*t**3 - t**2. Let i = 2 + -1. What is the units digit of w(i)?
1
Let i(y) be the third derivative of -y**5/120 - y**3/2 + y**2. Let m(f) be the first derivative of i(f). What is the units digit of m(-6)?
6
Suppose -24 + 2 = -o. What is the tens digit of o?
2
Let u = 12 - 8. What is the units digit of 1/u - 23/(-4)?
6
Let g(k) = 2*k**2 + 3*k. Suppose 0 = b - 2*o + 6*o + 20, -2*b = 2*o + 10. Suppose 4*l + 1 + 7 = b. What is the units digit of g(l)?
2
Let v(u) = u**3 + 3*u**2 - 4*u + 2. Let q be (-8)/(-6)*(-12)/(-8). Suppose 2 = -k - q. What is the units digit of v(k)?
2
Let x = 18 - 29. Let d(h) = -4*h + 3. What is the units digit of d(x)?
7
Suppose 118 = -u + 3*u. What is the tens digit of u?
5
Suppose 3*b - 71 = -4*q + 6, -96 = -4*b - 2*q. What is the tens digit of b?
2
Let s = 0 - 11. Let c = -3 - s. Let y = 12 - c. What is the units digit of y?
4
Let l be -1*1*-3 - 1. Suppose l*x + i = -i + 24, 5*x = -i + 64. Let q = -1 + x. What is the tens digit of q?
1
Let t(r) = 2*r**2 - 3*r + 2. What is the units digit of t(-6)?
2
Let y(r) = -r**3 - 4*r**2 - 2*r + 2. Let f be y(-3). Let l be 4/(-4)*(2 - f). Let o(x) = -x - 1. What is the units digit of o(l)?
2
Let z(x) = -x + 1. Let m be z(-4). Suppose 2*b - 3*b = -p - 3, m = b - 2*p. Let f(o) = 8*o**2 - o + 1. What is the units digit of f(b)?
8
Suppose 5*r - 8 - 17 = 0. Suppose -5*i + 60 = 2*s, 3*i + r*s - 42 = -6. What is the units digit of i?
2
Suppose 7*d = d + 414. What is the units digit of d?
9
Let y = -3 + 7. Suppose n + 3 = y*u, 0 = -n + 2*u - 0 - 1. What is the units digit of n?
1
Suppose 8*t = -49 + 3025. What is the tens digit of t?
7
Suppose 4*y - 24 = -3*r, 13 = -0*y - y + 4*r. What is the units digit of (8/(-12))/((-1)/y)?
2
Suppose 4*n = 2*n - 6, 3 = -3*h + 4*n. Let a be -2 + (-3 - -4) + h. Let k = -4 - a. What is the units digit of k?
2
Suppose -5*a - 3*w = w - 28, -16 = -3*a - 2*w. Let g = 6 - 6. Suppose g = 2*d + 4*t - 10, t - a + 1 = -d. What is the units digit of d?
1
Suppose 6*f = -2*f + 552. What is the tens digit of f?
6
Suppose -397 = -4*b - 85. What is the tens digit of b?
7
Let v be 3 + -2 + (2 - 3). Suppose -3*p - p + 32 = v. What is the units digit of p?
8
Let l(t) = 3*t + 2. Suppose 4*p - o + 31 - 8 = 0, -4*p - 5*o - 29 = 0. Let g = -4 - p. What is the units digit of l(g)?
8
Let y(g) = -3*g + 6. What is the units digit of y(-6)?
4
Let g = 14 + -7. What is the units digit of g?
7
Let l = 85 + -21. What is the tens digit of l?
6
Suppose 3*g - 1 = 2*i, 4*g = -0*g - 4*i + 28. Let s(w) = 2*w**2 - 3*w + 4. What is the units digit of s(g)?
3
Suppose 420 = 15*f - 11*f. What is the units digit of f?
5
Suppose 2*m - 4*m + 2*b = -24, 3*m + 5*b = 68. What is the tens digit of m?
1
Suppose 3*f = -f + 4*s - 4, -2*s + 16 = 5*f. Let v(l) = 5*l. What is the units digit of v(f)?
0
Suppose w = -3*w + 20. Suppose -6*t + 3*k + 3 = -2*t, -w*k + 6 = -3*t. What is the units digit of t?
3
Suppose 0 = -2*a - 2*a + 16. Suppose 0*p - 40 = -a*p. What is the units digit of p?
0
Let c = 38 - 28. Suppose 3*h + 3*t - 15 = 0, 0*h + 3*t - 3 = 3*h. Suppose r - 5 - c = h*s, 0 = -4*r + 4*s + 52. What is the tens digit of r?
1
Let c = 236 - 95. What is the units digit of c?
1
Let v be 2/(-5) + (-42)/(-5). Suppose -5*z + 8 = -17. Let k = v - z. What is the units digit of k?
3
Let r = 2 - -1. Suppose 0*z - 3*z = -3, 116 = r*s - 4*z. What is the tens digit of 6/4*s/6?
1
Let h = -46 + 24. Let y be 4/h - 40/22. What is the units digit of (6/y)/((-2)/4)?
6
Let g(s) be the second derivative of -s**2 + 0 - s + 5/12*s**4 + 0*s**3. What is the tens digit of g(-2)?
1
Suppose 578 + 790 = 6*h. What is the units digit of h?
8
Suppose 3*c - 2*m - 694 = 0, -2*c + m + 163 + 299 = 0. What is the hundreds digit of c?
2
Let m = -2 - -1. What is the units digit of (m/(-2))/((-5)/(-60))?
6
Let b(r) = -2*r**3 - 6*r**2 - 4*r. Let f be b(-4). Let a = -27 + f. What is the units digit of a?
1
Suppose -3*z - k + 6 - 28 = 0, -5*k = -z + 14. Let c be (-264)/(-10) - (-2)/(-5). Let s = z + c. What is the tens digit of s?
2
Suppose -2*u - w + 25 = -13, -55 = -3*u - 2*w. What is the tens digit of u?
2
Suppose 67 = 3*h - 50. What is the units digit of h?
9
Let i be (4 - -27)/((-1)/(-2)). Suppose 2*v = i - 0. What is the units digit of v?
1
Suppose 7*b - 2*b - 110 = 0. What is the tens digit of b?
2
Suppose 7*s + 3060 = 3*s. What is the tens digit of 2*2 + s/(-17)?
4
Let m(f) = 33*f - 3. What is the tens digit of m(2)?
6
What is the tens digit of 0 + 1 - -1*(-72)/(-2)?
3
Let j be 0 + 6 - (4 - 2). What is the units digit of 7 - j*(-1)/2?
9
Suppose 340 = 9*f + 16. What is the tens digit of f?
3
Let i = 16 + 3. What is the tens digit of i?
1
Let m be 40*2/(0 + 2). What is the units digit of ((-18)/(-15))/(6/m)?
8
Let x be (-2 + 48/9)*30. Suppose -5*m + 4*f + x = 0, -4*f = 5*m - 80 + 20. What is the units digit of m?
6
Let r be -1*1*(2 - 5). Suppose 3*f - 6 = 2*j - 23, 12 = -3*j - r*f. Suppose 48 + j = 2*b + 5*z, -25 = -5*z. What is the units digit of b?
2
Let m = -23 - -17. What is the tens digit of 6/2 + m - -23?
2
Let i(v) = v**2 - v. Let t(q) = 2*q**2 - 3*q + 6. Let h(b) = 3*i(b) - t(b). What is the units digit of h(5)?
9
Suppose 5*f = 5*i - 430, -6*i + 348 = -2*i - 3*f. Suppose 5*t - 2*t = i. Suppose 2*b - t = -10. What is the units digit of b?
0
Suppose 34 = 4*b - 6. What is the units digit of b?
0
Suppose 0*u = u - 14. Suppose -3*r + 4*r = u. What is the units digit of 2*r/(-4)*-1?
7
Let v(d) = -6*d + 5. Let o be v(-6). Let z = o - 19. Suppose -5*c = -7*c + z. What is the tens digit of c?
1
Suppose -2*i + 80 - 17 = 3*v, -4*i + 69 = 3*v. What is the units digit of v?
9
Let b be (-1 + 1 + 0)/1. Let m = 18 - 15. Suppose 0 = m*n - b*n - 21. What is the units digit of n?
7
Let y(c) = c**3 + 3*c**2 - 5*c - 2. Let p be y(-4). Suppose p*v - 5 = -7*f + 4*f, -26 = -5*v - 3*f. Let q = v - -2. What is the units digit of q?
9
What is the units digit of ((-3)/1 + -22)/(-1)?
5
Suppose 0 = 5*p - s - 322, -p + 5*s = -0*s - 74. Suppose 2*k = -4*f - 0*f + p, 4*f = 2*k - 56. What is the tens digit of k?
3
Let v = -17 + 24. What is the units digit of v?
7
Let w be (9/2)/(-3)*-6. Let u = w + -12. What is the units digit of (12/9 + -3)*u?
5
Suppose -4*d - 88 = 80. Let a be 1 + (2 - d)/2. Let z = -15 + a. What is the units digit of z?
8
What is the units digit of ((-6)/(-21))/((-4)/(-5404))?
6
Let b(d) = d**2 -